{"id":218,"date":"2024-10-29T19:03:34","date_gmt":"2024-10-29T19:03:34","guid":{"rendered":"https:\/\/eigenart.cl\/?post_type=product&#038;p=218"},"modified":"2024-10-29T19:12:02","modified_gmt":"2024-10-29T19:12:02","slug":"tazon-the-walking-dead","status":"publish","type":"product","link":"https:\/\/eigenart.cl\/?product=tazon-the-walking-dead","title":{"rendered":"Taz\u00f3n The Walking Dead"},"content":{"rendered":"<p>Devora tus cereales favoritos con estilo post-apocal\u00edptico con este impresionante taz\u00f3n de \u00abThe Walking Dead\u00bb. Dise\u00f1ado para los verdaderos supervivientes, este taz\u00f3n es tan resistente como los protagonistas de la serie.<\/p>\n<p>El exterior del taz\u00f3n presenta un collage de im\u00e1genes ic\u00f3nicas de la serie: la silueta de Rick Grimes con su rev\u00f3lver, el bate de b\u00e9isbol \u00abLucille\u00bb de Negan, y por supuesto, una horda de caminantes hambrientos que rodean el borde. El interior del taz\u00f3n es de un rojo intenso, recordando la sangre y la lucha constante por la supervivencia.<\/p>\n<p>Fabricado con cer\u00e1mica duradera, este taz\u00f3n es lo suficientemente resistente como para sobrevivir a un apocalipsis zombi. Su amplia capacidad es perfecta para raciones generosas, ideal para recargar energ\u00edas antes de salir a enfrentar a los muertos vivientes.<\/p>\n<p>El borde del taz\u00f3n est\u00e1 decorado con la frase \u00abFight the Dead. Fear the Living\u00bb, record\u00e1ndote que en el mundo de \u00abThe Walking Dead\u00bb, a veces los vivos son m\u00e1s peligrosos que los muertos.<\/p>\n<p>Ya sea que lo uses para tu desayuno diario o como pieza de exhibici\u00f3n en tu colecci\u00f3n de merchandising, este taz\u00f3n de \u00abThe Walking Dead\u00bb es imprescindible para cualquier fan de la serie. Es el compa\u00f1ero perfecto para maratones de la serie o para a\u00f1adir un toque post-apocal\u00edptico a tu cocina.<\/p>\n<p>\u00a1Atenci\u00f3n! No se recomienda comer sesos en este taz\u00f3n, a menos que quieras sentirte como un aut\u00e9ntico caminante.<\/p>\n","protected":false},"excerpt":{"rendered":"<p>Devora tus cereales favoritos con estilo post-apocal\u00edptico con este impresionante taz\u00f3n de \u00abThe Walking Dead\u00bb. Dise\u00f1ado para los verdaderos supervivientes, este taz\u00f3n es tan resistente como los protagonistas de la serie. El exterior del taz\u00f3n presenta un collage de im\u00e1genes ic\u00f3nicas de la serie: la silueta de Rick Grimes con su rev\u00f3lver, el bate de &#8230; <a title=\"Taz\u00f3n The Walking Dead\" class=\"read-more\" href=\"https:\/\/eigenart.cl\/?product=tazon-the-walking-dead\" aria-label=\"Leer m\u00e1s sobre Taz\u00f3n The Walking Dead\">Leer m\u00e1s<\/a><\/p>\n","protected":false},"featured_media":225,"comment_status":"open","ping_status":"closed","template":"","meta":[],"product_cat":[30],"product_tag":[],"class_list":{"0":"post-218","1":"product","2":"type-product","3":"status-publish","4":"has-post-thumbnail","6":"product_cat-tazones","8":"first","9":"instock","10":"sale","11":"taxable","12":"shipping-taxable","13":"purchasable","14":"product-type-simple"},"jetpack_sharing_enabled":true,"_links":{"self":[{"href":"https:\/\/eigenart.cl\/index.php?rest_route=\/wp\/v2\/product\/218","targetHints":{"allow":["GET"]}}],"collection":[{"href":"https:\/\/eigenart.cl\/index.php?rest_route=\/wp\/v2\/product"}],"about":[{"href":"https:\/\/eigenart.cl\/index.php?rest_route=\/wp\/v2\/types\/product"}],"replies":[{"embeddable":true,"href":"https:\/\/eigenart.cl\/index.php?rest_route=%2Fwp%2Fv2%2Fcomments&post=218"}],"wp:featuredmedia":[{"embeddable":true,"href":"https:\/\/eigenart.cl\/index.php?rest_route=\/wp\/v2\/media\/225"}],"wp:attachment":[{"href":"https:\/\/eigenart.cl\/index.php?rest_route=%2Fwp%2Fv2%2Fmedia&parent=218"}],"wp:term":[{"taxonomy":"product_cat","embeddable":true,"href":"https:\/\/eigenart.cl\/index.php?rest_route=%2Fwp%2Fv2%2Fproduct_cat&post=218"},{"taxonomy":"product_tag","embeddable":true,"href":"https:\/\/eigenart.cl\/index.php?rest_route=%2Fwp%2Fv2%2Fproduct_tag&post=218"}],"curies":[{"name":"wp","href":"https:\/\/api.w.org\/{rel}","templated":true}]}}